of 687.
3, 229
What are the prime factors of 54217?
54217
List the prime factors of 102829.
102829
List the prime factors of 44965.
5, 17, 23
List the prime factors of 22474.
2, 17, 661
What are the prime factors of 106608?
2, 3, 2221
List the prime factors of 2200.
2, 5, 11
What are the prime factors of 17625?
3, 5, 47
List the prime factors of 6114.
2, 3, 1019
List the prime factors of 62.
2, 31
What are the prime factors of 20696?
2, 13, 199
What are the prime factors of 13000?
2, 5, 13
What are the prime factors of 3076?
2, 769
List the prime factors of 6336.
2, 3, 11
What are the prime factors of 6676?
2, 1669
What are the prime factors of 15777?
3, 1753
List the prime factors of 11050.
2, 5, 13, 17
What are the prime factors of 4242?
2, 3, 7, 101
What are the prime factors of 44379?
3, 4931
What are the prime factors of 520?
2, 5, 13
What are the prime factors of 161276?
2, 23, 1753
What are the prime factors of 15945?
3, 5, 1063
What are the prime factors of 2230?
2, 5, 223
List the prime factors of 9652.
2, 19, 127
What are the prime factors of 7614?
2, 3, 47
List the prime factors of 49645.
5, 9929
List the prime factors of 115261.
79, 1459
List the prime factors of 1903.
11, 173
List the prime factors of 13970.
2, 5, 11, 127
What are the prime factors of 6976?
2, 109
List the prime factors of 42895.
5, 23, 373
List the prime factors of 23620.
2, 5, 1181
What are the prime factors of 1157?
13, 89
List the prime factors of 1136.
2, 71
What are the prime factors of 21695?
5, 4339
What are the prime factors of 12998?
2, 67, 97
What are the prime factors of 4114?
2, 11, 17
What are the prime factors of 9714?
2, 3, 1619
List the prime factors of 19.
19
List the prime factors of 733.
733
List the prime factors of 124.
2, 31
What are the prime factors of 14170?
2, 5, 13, 109
List the prime factors of 768.
2, 3
What are the prime factors of 55847?
11, 5077
List the prime factors of 8373.
3, 2791
What are the prime factors of 213?
3, 71
What are the prime factors of 3440?
2, 5, 43
What are the prime factors of 929?
929
What are the prime factors of 35?
5, 7
What are the prime factors of 4325?
5, 173
What are the prime factors of 51215?
5, 10243
List the prime factors of 37.
37
List the prime factors of 10603.
23, 461
What are the prime factors of 9315?
3, 5, 23
What are the prime factors of 2012?
2, 503
What are the prime factors of 320?
2, 5
What are the prime factors of 15628?
2, 3907
What are the prime factors of 23516?
2, 5879
List the prime factors of 19468.
2, 31, 157
What are the prime factors of 4154?
2, 31, 67
List the prime factors of 13661.
19, 719
What are the prime factors of 2815?
5, 563
List the prime factors of 1388.
2, 347
What are the prime factors of 28755?
3, 5, 71
What are the prime factors of 1255?
5, 251
List the prime factors of 245.
5, 7
What are the prime factors of 22954?
2, 23, 499
What are the prime factors of 45981?
3, 13, 131
What are the prime factors of 316?
2, 79
List the prime factors of 2277.
3, 11, 23
List the prime factors of 8497.
29, 293
What are the prime factors of 861?
3, 7, 41
List the prime factors of 3763.
53, 71
What are the prime factors of 19005?
3, 5, 7, 181
List the prime factors of 1996.
2, 499
What are the prime factors of 3140?
2, 5, 157
What are the prime factors of 40818?
2, 3, 6803
List the prime factors of 240.
2, 3, 5
List the prime factors of 423.
3, 47
What are the prime factors of 3675?
3, 5, 7
List the prime factors of 31763.
23, 1381
List the prime factors of 1963.
13, 151
What are the prime factors of 32449?
37, 877
What are the prime factors of 227?
227
List the prime factors of 3000.
2, 3, 5
What are the prime factors of 32666?
2, 16333
List the prime factors of 14176.
2, 443
What are the prime factors of 100054?
2, 19, 2633
List the prime factors of 357.
3, 7, 17
What are the prime factors of 734?
2, 367
What are the prime factors of 14875?
5, 7, 17
List the prime factors of 86.
2, 43
What are the prime factors of 117176?
2, 97, 151
What are the prime factors of 340?
2, 5, 17
What are the prime factors of 6649?
61, 109
What are the prime factors of 99881?
99881
What are the prime factors of 25316?
2, 6329
List the prime factors of 13796.
2, 3449
List the prime factors of 60650.
2, 5, 1213
What are the prime factors of 64607?
23, 53
List the prime factors of 9800.
2, 5, 7
List the prime factors of 273.
3, 7, 13
What are the prime factors of 163?
163
What are the prime factors of 496?
2, 31
List the prime factors of 84308.
2, 7, 3011
What are the prime factors of 6136?
2, 13, 59
List the prime factors of 7891.
13, 607
What are the prime factors of 1464?
2, 3, 61
What are the prime factors of 13069?
7, 1867
List the prime factors of 9177.
3, 7, 19, 23
What are the prime factors of 16604?
2, 7, 593
What are the prime factors of 4341?
3, 1447
List the prime factors of 30185.
5, 6037
List the prime factors of 668.
2, 167
What are the prime factors of 10676?
2, 17, 157
List the prime factors of 68.
2, 17
List the prime factors of 17742.
2, 3, 2957
List the prime factors of 30279.
3, 10093
What are the prime factors of 80443?
11, 71, 103
List the prime factors of 69329.
13, 5333
What are the prime factors of 29976?
2, 3, 1249
What are the prime factors of 18092?
2, 4523
What are the prime factors of 5345?
5, 1069
What are the prime factors of 1285?
5, 257
What are the prime factors of 20433?
3, 7, 139
What are the prime factors of 48819?
3, 16273
What are the prime factors of 1861?
1861
What are the prime factors of 44286?
2, 3, 11, 61
List the prime factors of 61241.
47, 1303
What are the prime factors of 538?
2, 269
What are the prime factors of 2320?
2, 5, 29
List the prime factors of 61055.
5, 12211
What are the prime factors of 1768?
2, 13, 17
List the prime factors of 7356.
2, 3, 613
List the prime factors of 2901.
3, 967
List the prime factors of 2679.
3, 19, 47
List the prime factors of 27443.
13, 2111
List the prime factors of 4689.
3, 521
List the prime factors of 4594.
2, 2297
List the prime factors of 23006.
2, 11503
What are the prime factors of 1458?
2, 3
What are the prime factors of 32488?
2, 31, 131
List the prime factors of 40088.
2, 5011
List the prime factors of 875.
5, 7
What are the prime factors of 84802?
2, 109, 389
What are the prime factors of 522?
2, 3, 29
What are the prime factors of 7315?
5, 7, 11, 19
What are the prime factors of 44121?
3, 7, 11, 191
List the prime factors of 9929.
9929
List the prime factors of 9789.
3, 13, 251
What are the prime factors of 3110?
2, 5, 311
What are the prime factors of 29302?
2, 7, 13, 23
List the prime factors of 20483.
20483
List the prime factors of 22079.
22079
List the prime factors of 13285.
5, 2657
List the prime factors of 1351.
7, 193
List the prime factors of 41682.
2, 3, 6947
List the prime factors of 23010.
2, 3, 5, 13, 59
List the prime factors of 104535.
3, 5, 23, 101
List the prime factors of 33910.
2, 5, 3391
What are the prime factors of 890?
2, 5, 89
List the prime factors of 6619.
6619
List the prime factors of 10273.
10273
List the prime factors of 3301.
3301
List the prime factors of 1602.
2, 3, 89
What are the prime factors of 5982?
2, 3, 997
What are the prime factors of 3777?
3, 1259
What are the prime factors of 1647?
3, 61
What are the prime factors of 77588?
2, 7, 17, 163
What are the prime factors of 55814?
2, 11, 43, 59
What are the prime factors of 2055?
3, 5, 137
What are the prime factors of 2130?
2, 3, 5, 71
List the prime factors of 990.
2, 3, 5, 11
What are the prime factors of 17794?
2, 7, 31, 41
List the prime factors of 858.
2, 3, 11, 13
List the prime factors of 12635.
5, 7, 19
What are the prime factors of 13065?
3, 5, 13, 67
What are the prime factors of 29507?
19, 1553
List the prime factors of 45129.
3, 7, 307
What are the prime factors of 19648?
2, 307
List the prime factors of 30193.
109, 277
What are the prime factors of 741?
3, 13, 19
List the prime factors of 4631.
11, 421
List the prime factors of 1695.
3, 5, 113
What are the prime factors of 6834?
2, 3, 17, 67
List the prime factors of 3481.
59
List the prime factors of 125359.
13, 9643
List the prime factors of 8547.
3, 7, 11, 37
List the prime factors of 4793.
4793
What are the prime factors of 884?
2, 13, 17
List